2, 3, 5
What are the prime factors of 1219?
23, 53
List the prime factors of 2425.
5, 97
List the prime factors of 93161.
59, 1579
What are the prime factors of 79?
79
What are the prime factors of 77159?
19, 31, 131
What are the prime factors of 17770?
2, 5, 1777
List the prime factors of 34806.
2, 3, 5801
What are the prime factors of 4739?
7, 677
List the prime factors of 1547.
7, 13, 17
List the prime factors of 16877.
7, 2411
What are the prime factors of 50544?
2, 3, 13
What are the prime factors of 130242?
2, 3, 7, 443
List the prime factors of 25698.
2, 3, 4283
List the prime factors of 717.
3, 239
What are the prime factors of 1608?
2, 3, 67
What are the prime factors of 147591?
3, 23, 31
What are the prime factors of 2486?
2, 11, 113
List the prime factors of 9741.
3, 17, 191
What are the prime factors of 57912?
2, 3, 19, 127
List the prime factors of 961.
31
List the prime factors of 85321.
41, 2081
What are the prime factors of 2598?
2, 3, 433
List the prime factors of 4443.
3, 1481
List the prime factors of 28788.
2, 3, 2399
What are the prime factors of 215?
5, 43
What are the prime factors of 10501?
10501
What are the prime factors of 2861?
2861
List the prime factors of 1357.
23, 59
List the prime factors of 5920.
2, 5, 37
List the prime factors of 1061.
1061
List the prime factors of 65.
5, 13
List the prime factors of 2325.
3, 5, 31
What are the prime factors of 81355?
5, 53, 307
List the prime factors of 431.
431
List the prime factors of 2891.
7, 59
What are the prime factors of 52166?
2, 26083
What are the prime factors of 46205?
5, 9241
List the prime factors of 1403.
23, 61
What are the prime factors of 7049?
7, 19, 53
List the prime factors of 12112.
2, 757
List the prime factors of 22738.
2, 11369
What are the prime factors of 653?
653
What are the prime factors of 91584?
2, 3, 53
What are the prime factors of 12411?
3, 7, 197
What are the prime factors of 8884?
2, 2221
List the prime factors of 2174.
2, 1087
List the prime factors of 4402.
2, 31, 71
List the prime factors of 10239.
3, 3413
List the prime factors of 183.
3, 61
What are the prime factors of 45275?
5, 1811
List the prime factors of 41318.
2, 73, 283
List the prime factors of 81291.
3, 7, 79
List the prime factors of 7062.
2, 3, 11, 107
List the prime factors of 14500.
2, 5, 29
List the prime factors of 19763.
19763
What are the prime factors of 13493?
103, 131
List the prime factors of 3640.
2, 5, 7, 13
List the prime factors of 498.
2, 3, 83
List the prime factors of 6853.
7, 11, 89
What are the prime factors of 56059?
61, 919
List the prime factors of 40.
2, 5
What are the prime factors of 710?
2, 5, 71
List the prime factors of 3194.
2, 1597
What are the prime factors of 121?
11
What are the prime factors of 13673?
11, 113
What are the prime factors of 50842?
2, 11, 2311
What are the prime factors of 129585?
3, 5, 53, 163
What are the prime factors of 10451?
7, 1493
What are the prime factors of 71321?
73, 977
What are the prime factors of 4209?
3, 23, 61
List the prime factors of 8847.
3, 983
List the prime factors of 28269.
3, 349
What are the prime factors of 1313?
13, 101
What are the prime factors of 148930?
2, 5, 53, 281
What are the prime factors of 39541?
39541
What are the prime factors of 3194?
2, 1597
List the prime factors of 1468.
2, 367
What are the prime factors of 3286?
2, 31, 53
List the prime factors of 55654.
2, 27827
What are the prime factors of 8578?
2, 4289
What are the prime factors of 12805?
5, 13, 197
List the prime factors of 1937.
13, 149
List the prime factors of 5306.
2, 7, 379
What are the prime factors of 1772?
2, 443
List the prime factors of 366.
2, 3, 61
What are the prime factors of 26210?
2, 5, 2621
What are the prime factors of 13232?
2, 827
What are the prime factors of 56740?
2, 5, 2837
List the prime factors of 28860.
2, 3, 5, 13, 37
What are the prime factors of 8192?
2
List the prime factors of 143122.
2, 7, 10223
List the prime factors of 16479.
3, 1831
What are the prime factors of 7330?
2, 5, 733
What are the prime factors of 44221?
44221
List the prime factors of 3373.
3373
List the prime factors of 5829.
3, 29, 67
What are the prime factors of 125?
5
What are the prime factors of 1760?
2, 5, 11
What are the prime factors of 8908?
2, 17, 131
List the prime factors of 4422.
2, 3, 11, 67
What are the prime factors of 1281?
3, 7, 61
List the prime factors of 32950.
2, 5, 659
List the prime factors of 48892.
2, 17, 719
What are the prime factors of 15127?
7, 2161
What are the prime factors of 3519?
3, 17, 23
List the prime factors of 781.
11, 71
List the prime factors of 2574.
2, 3, 11, 13
List the prime factors of 13247.
13, 1019
What are the prime factors of 1856?
2, 29
What are the prime factors of 62131?
62131
What are the prime factors of 18743?
18743
What are the prime factors of 38690?
2, 5, 53, 73
List the prime factors of 4813.
4813
What are the prime factors of 134299?
11, 29, 421
List the prime factors of 37209.
3, 79, 157
List the prime factors of 4926.
2, 3, 821
List the prime factors of 493.
17, 29
What are the prime factors of 73099?
13, 5623
What are the prime factors of 18616?
2, 13, 179
What are the prime factors of 751?
751
What are the prime factors of 94242?
2, 3, 113, 139
What are the prime factors of 14601?
3, 31, 157
What are the prime factors of 1781?
13, 137
What are the prime factors of 1365?
3, 5, 7, 13
What are the prime factors of 2835?
3, 5, 7
What are the prime factors of 602?
2, 7, 43
What are the prime factors of 14375?
5, 23
List the prime factors of 50238.
2, 3, 2791
What are the prime factors of 308?
2, 7, 11
List the prime factors of 4891.
67, 73
List the prime factors of 687.
3, 229
What are the prime factors of 1319?
1319
What are the prime factors of 8323?
7, 29, 41
List the prime factors of 1267.
7, 181
What are the prime factors of 978?
2, 3, 163
List the prime factors of 4826.
2, 19, 127
List the prime factors of 27760.
2, 5, 347
What are the prime factors of 37504?
2, 293
What are the prime factors of 16436?
2, 7, 587
What are the prime factors of 19?
19
List the prime factors of 3428.
2, 857
List the prime factors of 6130.
2, 5, 613
List the prime factors of 2093.
7, 13, 23
List the prime factors of 81.
3
List the prime factors of 8486.
2, 4243
List the prime factors of 31.
31
What are the prime factors of 1945?
5, 389
What are the prime factors of 1894?
2, 947
List the prime factors of 1033.
1033
List the prime factors of 30629.
109, 281
List the prime factors of 45305.
5, 13, 17, 41
What are the prime factors of 11709?
3, 1301
What are the prime factors of 1963?
13, 151
List the prime factors of 22567.
22567
What are the prime factors of 2917?
2917
What are the prime factors of 16158?
2, 3, 2693
List the prime factors of 149287.
149287
What are the prime factors of 9347?
13, 719
What are the prime factors of 732?
2, 3, 61
What are the prime factors of 16420?
2, 5, 821
What are the prime factors of 1983?
3, 661
What are the prime factors of 1506?
2, 3, 251
List the prime factors of 1611.
3, 179
List the prime factors of 77535.
3, 5, 1723
List the prime factors of 163634.
2, 81817
List the prime factors of 130.
2, 5, 13
List the prime factors of 156315.
3, 5, 17, 613
List the prime factors of 8374.
2, 53, 79
List the prime factors of 92649.
3, 89, 347
What are the prime factors of 622?
2, 311
What are the prime factors of 13?
13
What are the prime factors of 110?
2, 5, 11
What are the prime factors of 972?
2, 3
List the prime factors of 1701.
3, 7
What are the prime factors of 6880?
2, 5, 43
What are the prime factors of 58991?
58991
List the prime factors of 7297.
7297
List the prime factors of 39886.
2, 7, 11, 37
List the prime factors of 8528.
2, 13, 41
List the prime factors of 1560.
2, 3, 5, 13
List the prime factors of 1574.
2, 787
List the prime factors of 17204.
2, 11, 17, 23
List the prime factors of 5704.
2, 23, 31
List the prime factors of 26.
2, 13
What are the prime factors of 1638?
2, 3, 7, 13
List the prime factors of 6057.
3, 673
List the prime factors of 6058.
2, 13, 233
What are the prime factors of 3925?
5, 157
List the prime factors of 3365.
5, 673
What are the prime factors of 46889?
46889
List the prime factors of 6072.
2, 3, 11, 23
What